to base 4.
-2230
What is 11232122 (base 4) in base 13?
a89b
1342 (base 8) to base 5
10423
-63 (base 9) to base 4
-321
What is 3612 (base 7) in base 16?
534
Convert 2111 (base 4) to base 7.
302
Convert c75 (base 13) to base 8.
4114
11101000110011 (base 2) to base 16
3a33
-110000 (base 3) to base 2
-101000100
-8b9 (base 14) to base 10
-1731
Convert a63 (base 11) to base 8.
2377
-144113 (base 8) to base 3
-2121100002
What is 1000010 (base 2) in base 12?
56
What is -11122 (base 3) in base 2?
-1111101
Convert 37849 (base 10) to base 3.
1220220211
-2ed2 (base 15) to base 7
-41303
Convert -113223 (base 4) to base 5.
-22030
-363 (base 10) to base 11
-300
Convert 14a (base 12) to base 11.
174
What is -87 (base 12) in base 7?
-205
-31b (base 15) to base 5
-10301
What is -42410 (base 6) in base 4?
-1122012
What is 114031 (base 5) in base 14?
17aa
What is -c74 (base 14) in base 10?
-2454
Convert 14154 (base 9) to base 15.
2ca7
Convert 20723 (base 8) to base 5.
234114
What is -5ab4 (base 12) in base 2?
-10011111101000
Convert -601 (base 16) to base 13.
-913
What is 145011 (base 6) in base 12?
8167
What is -22255 (base 6) in base 5?
-100011
What is -4a2 (base 14) in base 11?
-772
201 (base 13) to base 16
153
What is 883 (base 14) in base 11?
12a0
What is -235 (base 11) in base 13?
-187
What is -45 (base 11) in base 15?
-34
What is -12102 (base 4) in base 5?
-3102
Convert -3350 (base 6) to base 11.
-655
Convert 10101000010101 (base 2) to base 15.
32d3
Convert -261503 (base 7) to base 3.
-2110200102
1623a (base 11) to base 8
54600
Convert -1012103 (base 4) to base 12.
-272b
Convert -111 (base 14) to base 10.
-211
Convert -597 (base 11) to base 14.
-38b
What is -10000101001 (base 2) in base 13?
-63c
Convert 10286 (base 9) to base 4.
1222101
Convert -3334433 (base 5) to base 9.
-88520
Convert -12112102 (base 3) to base 11.
-3038
-16d (base 15) to base 11
-279
4425 (base 7) to base 10
1587
Convert 2065 (base 9) to base 4.
113231
21120 (base 4) to base 16
258
What is -13f (base 16) in base 2?
-100111111
301 (base 14) to base 13
364
Convert 82ca (base 16) to base 9.
50832
Convert 356 (base 12) to base 3.
200110
Convert -7114 (base 11) to base 7.
-36363
What is 2a (base 16) in base 15?
2c
-15033 (base 8) to base 9
-10145
What is 5593 (base 10) in base 6?
41521
What is -147 (base 13) in base 7?
-444
Convert 180 (base 14) to base 8.
464
2011112 (base 3) to base 9
2145
100222 (base 4) to base 10
1066
c0a (base 14) to base 7
6613
-1302 (base 8) to base 15
-321
Convert -111010011110 (base 2) to base 7.
-13624
What is bf4 (base 16) in base 13?
1515
What is -2978 (base 15) in base 5?
-241023
What is 72a (base 14) in base 3?
1221020
Convert -25435 (base 9) to base 16.
-42e3
What is -32b9 (base 13) in base 10?
-7081
7a8 (base 12) to base 13
695
Convert 122 (base 3) to base 12.
15
What is -102022 (base 3) in base 15?
-155
Convert -103224 (base 5) to base 4.
-313230
-3430 (base 5) to base 2
-111101010
16622 (base 7) to base 12
2915
-24053 (base 8) to base 10
-10283
Convert -1220111 (base 3) to base 11.
-1054
Convert -619 (base 12) to base 15.
-3e0
Convert 5182 (base 9) to base 7.
14036
Convert -41504 (base 6) to base 15.
-19c4
1133130 (base 4) to base 11
4653
What is -253324 (base 6) in base 8?
-54424
808 (base 14) to base 9
2141
Convert -1030041 (base 5) to base 6.
-213041
2142 (base 5) to base 10
297
What is 410442 (base 5) in base 9?
20148
-a068 (base 15) to base 12
-17708
Convert 136 (base 11) to base 9.
187
Convert 1325224 (base 6) to base 3.
10202011021
Convert 16a1 (base 13) to base 4.
310032
What is -ec7c (base 15) in base 8?
-141623
Convert -590 (base 13) to base 10.
-962
What is 22202002 (base 3) in base 9?
8662
444 (base 12) to base 5
10003
What is 141434 (base 5) in base 2?
1011011101101
What is -3499 (base 14) in base 11?
-696a
What is -887 (base 11) in base 13?
-63a
Convert 147528 (base 9) to base 5.
10401302
Convert 2417 (base 9) to base 7.
5146
Convert 1a254 (base 11) to base 16.
6e5c
22313 (base 4) to base 15
315
9812 (base 11) to base 15
3c90
What is -1001010110 (base 2) in base 14?
-30a
Convert -13 (base 6) to base 13.
-9
What is -181 (base 11) in base 12?
-156
-12142 (base 9) to base 14
-2d74
Convert -395 (base 11) to base 6.
-2055
Convert 1011010111111 (base 2) to base 12.
3453
2308 (base 10) to base 8
4404
-1850 (base 14) to base 12
-2652
-6517 (base 10) to base 2
-1100101110101
Convert 2505 (base 11) to base 4.
303020
3113 (base 16) to base 12
732b
1122232 (base 5) to base 7
113143
105464 (base 7) to base 5
1100024
-a3b2 (base 12) to base 13
-817a
What is 3127 (base 12) in base 11?
4032
Convert 22111 (base 5) to base 9.
2081
5227 (base 8) to base 3
10201102
20433 (base 8) to base 9
12556
What is 45 (base 13) in base 15?
3c
Convert -561 (base 7) to base 14.
-168
-2200 (base 7) to base 11
-653
What is -4101 (base 12) in base 16?
-1b91
3414 (base 6) to base 15
387
Convert 2524 (base 8) to base 4.
111110
1c59 (base 13) to base 10
4299
What is 6b5b (base 16) in base 5?
1334413
2501 (base 9) to base 12
10b4
What is -125 (base 11) in base 7?
-301
-1a0 (base 11) to base 5
-1411
-5a9a (base 11) to base 13
-3825
Convert 24e (base 16) to base 7.
1502
Convert -116 (base 12) to base 7.
-321
1075 (base 12) to base 14
93b
What is -20303 (base 5) in base 11?
-aa8
617 (base 8) to base 12
293
What is -555 (base 7) in base 16?
-11d
Convert -30112123 (base 4) to base 6.
-1030111
Convert 249a (base 13) to base 16.
144d
2d (base 16) to base 13
36
Convert -10021102 (base 4) to base 14.
-628a
Convert 2205 (base 6) to base 3.
200212
What is -34474 (base 11) in base 10?
-49812
Convert -8444 (base 11) to base 6.
-123432
Convert -57 (base 10) to base 9.
-63
What is -426a (base 15) in base 5?
-422200
-2a24 (base 16) to base 6
-121540
-20226 (base 7) to base 14
-1b16
What is -a5 (base 16) in base 7?
-324
Convert -521 (base 9) to base 12.
-2b4
What is 10012020021 (base 3) in base 9?
105207
Convert -2769b (base 12) to base 9.
-82742
What is -d28 (base 14) in base 4?
-220120
-110010111001 (base 2) to base 11
-24a1
Convert -3512 (base 6) to base 13.
-4c4
12213 (base 8) to base 2
1010010001011
-1ec (base 15) to base 12
-313
Convert -1f3c (base 16) to base 12.
-4764
21a5 (base 16) to base 10
8613
Convert -63 (base 13) to base 12.
-69
Convert -54b (base 12) to base 16.
-30b
Convert 18b (base 16) to base 5.
3040
What is 10177 (base 10) in base 4?
2133001
Convert -262a6 (base 12) to base 7.
-305226
Convert -1011000010 (base 2) to base 11.
-592
-4130 (base 5) to base 13
-327
Convert -42344 (base 6) to base 15.
-1a87
What is 101111110101100 (base 2) in base 4?
11332230
-9297 (base 10) to base 2
-10010001010001
What is -11642 (base 9) in base 16?
-1e86
2233 (base 9) to base 5
23100
Convert 3535 (base 8) to base 14.
989
60093 (base 10) to base 6
1142113
Convert -915 (base 12) to base 8.
-2441
55 (base 6) to base 16
23
What is -430 (base 6) in base 4?
-2202
3c5 (base 16) to base 3
1022202
-5223 (base 13) to base 8
-26130
Convert 11202 (base 4) to base 15.
189
What is 1311 (base 6) in base 5?
2311
ba (base 14) to base 15
ae
What is -5a2 (base 12) in base 4?
-31022
Convert 1426 (base 7) to base 3.
202201
What is 1c6 (base 15) in base 8?
633
Convert 203115 (base 6) to base 8.
37567
Convert 1142 (base 10) to base 2.
10001110110
Convert 13512 (base 8) to base 12.
354a
Convert -22544 (base 8) to base 9.
-14115
-12889 (base 11) to base 2
-100011111000000
What is -25014 (base 9) in base 12?
-9864
2113300 (base 4) to base 2
10010111110000
Convert b6e2 (base 15) to base 13.
147bc
What is 10120111202 (base 3) in base 12?
3486b
Convert -1017 (base 8) to base 15.
-252
What is -683 (base 10) in base 15?
-308
What is -10112222202 (base 3) in base 4?
-101011121
Convert -2453 (base 6) to base 15.
-2a9
Convert -1522 (base 9) to base 12.
-802
-221022 (base 3) to base 11
-571
-3147 (base 8) to base 15
-744
Convert -110111010110100 (base 2) to base 3.
-1102212122
Convert -2011010 (base 3) to base 11.
-11a7
Convert -1010 (base 11) to base 12.
-93a
What is -279 (base 11) in base 9?
-404
967 (base 14) to base 12
10a7
Convert -1210 (base 3) to base 13.
-39
-2002210100 (base 3) to base 2
-1010000110111000
-13131 (base 4) to base 9
-580
121411 (base 7) to base 2
101011010001100
16a89 (base 11) to base 8
56576
What is 